lculate (4 - -2 - -5) + -14.
-3
Evaluate -2 + 6 + -2 - (5 + -8).
5
Evaluate (-4 - -8) + -13 + 4.
-5
Calculate -8 + -1 - (3 - 8).
-4
Evaluate 1 + (1 - 0 - -2) - 8.
-4
Evaluate 3 - (-2 - (-2 + -7 + 4)).
0
What is 1 - (0 + (-8 + 4 - 0))?
5
What is the value of 0 + -2 + 4 + 0?
2
Calculate -2 - (-1 + 6 + -3).
-4
Evaluate 1 + 2 - (34 + -29).
-2
What is the value of 1 + (1 - ((1 - 3) + 4))?
0
What is the value of (3 - 1) + (-8 - -3)?
-3
What is the value of 4 + -2 + 4 + -11?
-5
What is the value of -5 - (5 - (5 - 4 - -6))?
-3
-6 - -3 - (2 - 1)
-4
What is 9 + -3 + 3 + -5?
4
-2 - (1 - 2 - (8 - 3))
4
What is the value of 6 + 8 + -8 + (-2 - 0)?
4
What is the value of (-2 - -1) + (9 - 5) + -5?
-2
Evaluate 13 + -7 - (2 - (-3 + 1)).
2
Calculate (7 - 5) + 1 - 0.
3
What is -3 - -5 - (3 + 3)?
-4
What is 10 + -6 + -5 + 1?
0
What is -22 - -26 - (-2 + 9)?
-3
What is 8 + (-20 - (2 - 10))?
-4
What is (5 + -3 - -8) + -7?
3
What is -4 + (-2 - -6) + 4?
4
(-5 - -10) + 3 - 5
3
What is -4 + -12 + 15 + (-2 - 2)?
-5
Calculate (6 - 9 - -8) + 3.
8
Evaluate (-1 - -2) + (2 - 3).
0
What is (58 - 63) + (0 - (-1 - 4))?
0
Calculate -7 - (3 + -4 + -2).
-4
4 + -2 + (-9 - -1 - -6)
0
What is 6 - (-6 + 2 - -6)?
4
14 + (-9 - -6) + -6
5
-6 + 3 - -3 - -7
7
Calculate 0 - (7 - (-7 - -20)).
6
What is -9 - -8 - (0 + 2)?
-3
Evaluate 7 + -3 + -4 - (2 + 1).
-3
Evaluate 60 + -64 - (-6 - -2).
0
-7 + (4 + -5 - -10)
2
Evaluate 2 + -4 - (-2 - -2).
-2
1 + 0 + 7 + -4
4
Evaluate (5 - -4) + -7 + 3.
5
What is the value of -2 + (0 - 1) - (43 + -45)?
-1
Evaluate 7 + 1 + 15 + -22.
1
Evaluate 2 + -20 + 12 + -1.
-7
What is -2 + 10 + -5 - (1 + 1)?
1
Evaluate 4 - (-2 + 3 + 0).
3
What is (-4 - (1 + 0)) + 8?
3
What is (7 - 1) + (-1 - -1)?
6
2 - ((-3 - -13) + -11)
3
Calculate -3 - -1 - (-6 + -1).
5
What is the value of (1 - 0) + (-2 - (-11 + 7))?
3
What is the value of (-2 - (-10 + 2)) + -9?
-3
Calculate 5 + -2 + -1 + -3.
-1
Calculate (-1 + -3 - -3) + 1 + 1.
1
5 - (4 + (1 - -4))
-4
Evaluate (2 - -2 - 1) + (7 - 5).
5
Calculate (-1 - -1) + (-17 - (-14 + 1)).
-4
Evaluate -5 - -2 - -9 - (4 - 3).
5
Evaluate -1 - -6 - (41 - 37).
1
What is the value of 0 + 3 - (55 - 47)?
-5
(0 - 1) + (-7 - 0 - -3)
-5
Evaluate (-1 - 9) + (-11 - -16).
-5
-4 + (8 - 2) - (-1 + 4)
-1
Calculate -7 + -1 + (0 - -4) - 0.
-4
1 - (0 + (1 - -3))
-3
What is 4 - (5 + 0 + 2)?
-3
What is the value of -8 - (-1 + -17 + 7)?
3
What is the value of -2 - -2 - (1 - -2)?
-3
Calculate 0 - (4 + (9 - 7)).
-6
What is the value of -6 + -2 + 12 - 7?
-3
What is the value of -4 + (6 - (4 - 3))?
1
-4 - -5 - (6 + -4)
-1
What is the value of -3 - 1 - (-1 + 0)?
-3
Calculate (-9 - (8 + -15)) + 8.
6
Calculate -4 + (1 - 6) + 9 + -5.
-5
What is 0 - (-1 + 1) - 3?
-3
Evaluate 0 + -11 + (74 - 58).
5
Calculate 2 + (5 - 6) + -3.
-2
What is -7 - (0 - (1 + (1 - -1)))?
-4
Calculate 0 + (-21 - -22) + (1 - -3).
5
(-6 - -23 - 0) + -9
8
3 + 4 - (-1 + 5)
3
Evaluate 1 + -6 + -15 + 16.
-4
-1 - -1 - 3 - (1 + -4)
0
What is the value of 8 + -3 - (-2 - -2)?
5
What is the value of 1 - 8 - (12 + -23) - 8?
-4
What is the value of (3 - -19 - 18) + (0 - 8)?
-4
-4 + 0 - (144 - 146)
-2
Evaluate (-4 - (0 + -2)) + 4 + 0.
2
What is the value of (-5 - (-1 - 1)) + 2 + 2?
1
What is the value of 5 + -1 - (9 + -1 + -6)?
2
Evaluate 5 + -4 + (-4 - -2) + 1.
0
What is (0 - (0 - -4)) + 105 + -100?
1
What is 4 - (8 + -2 - 3)?
1
What is -3 - (-4 + (2 - 2))?
1
Evaluate (4 - 0) + -6 + 1 - -3.
2
What is the value of 4 - 4 - -7 - 10?
-3
Calculate (-1 - 4) + 0 + 2 + 8.
5
What is the value of (-1 - -2) + (-3 - -1) + 3?
2
Evaluate (1 - (0 + -1) - 4) + -3.
-5
3 + 0 + 1 + -4 + 2
2
Calculate (3 + -2 + -3 - 1) + 1.
-2
-3 - (9 + 12 + -14)
-10
What is 4 - (4 + 1) - (4 + -1)?
-4
Calculate (-11 + 15 - -1) + 3.
8
Evaluate -2 - (-3 - 0) - (9 + -3).
-5
Evaluate (-2 + -3 - 1) + -2 + 4.
-4
Evaluate 2 - (2 - 10 - -18).
-8
What is (4 - (-3 + 1)) + -9?
-3
Calculate -6 + (7 - -1) + -5.
-3
-4 - (13 + -13) - -2
-2
Calculate -2 - (0 + (-4 - -7 - 7)).
2
What is the value of (-8 - -8) + (-6 - -4)?
-2
(5 - (5 - -4)) + 0
-4
Evaluate 0 + (-2 + 3 - 0).
1
What is -4 + (12 - (14 + -7))?
1
What is -40 + 38 + (3 - (-5 - -2))?
4
What is the value of 0 + -1 + (8 - 1) + -1?
5
3 - (2 - 4) - 8
-3
What is the value of (-3 - -2) + -6 + -2 + 10?
1
-4 - ((1 - 1) + -1) - -5
2
What is the value of -95 + 103 - (0 - 1)?
9
What is -6 - (-13 - (-3 - -2))?
6
2 - (-2 - -4 - -2 - 2)
0
2 - (7 + (-2 - 8))
5
Calculate 6 + -13 + 6 + (-9 - -4).
-6
Calculate 0 + -2 + -14 + 13.
-3
What is the value of (3 - 6) + 2 + 1 + -4?
-4
Calculate -2 + (10 - 7) + (0 - 6).
-5
Calculate 61 + -55 + -3 + 2 + -4.
1
10 + 0 - 3 - 4 - -1
4
Evaluate 5 + (5 - (1 - -7)).
2
What is the value of -4 - -2 - (1 + -2 - 3)?
2
Calculate -1 + (0 - 2) + 7 + 1.
5
Evaluate 4 + (-10 - -5 - -4 - 2).
1
What is the value of 9 - 14 - (-3 - 3)?
1
(-2 - 3) + (76 - 70)
1
Evaluate -7 + 3 + -3 + 3 + -2.
-6
(-107 - -96) + (9 - -2)
0
What is the value of -14 + 19 + (-1 - 0)?
4
1 + (-6 - (-2 + -4))
1
5 + (1 - -4 - 12)
-2
-2 + 5 + (0 + -5 - 1)
-3
Evaluate -2 - ((1 - (-7 - -4)) + -1).
-5
What is 0 + (0 - -5 - (-17 + 18))?
4
What is -1 + (3 - (6 + -1))?
-3
What is (-2 + 3 - 2) + (1 - 0)?
0
What is 33 + -22 + (-10 - -2)?
3
3 - (6 - (-3 - 3 - -9))
0
What is 8 - ((-4 - -2) + 6)?
4
What is 1 - (5 + -2 - 5)?
3
Evaluate -2 - -7 - (-1 - (-16 - -7)).
-3
-1 - (-4 + (2 + 2 - 4))
3
Evaluate (-7 - -8) + (-1 - -1 - 3).
-2
-6 - (-15 + 0 + 3)
6
-5 - (-10 + 14 - 2)
-7
What is 1 - (-4 - (-3 + 2))?
4
4 + (2 - 4) + 2
4
Evaluate 5 + (-6 - (-4 - 2)).
5
Calculate -3 - (-11 + 6 + 1).
1
4 - (0 - -1 - 4)
7
-4 + 2 - 0 - (-5 - -3)
0
Calculate (-18 + 8 - -19) + -10.
-1
What is the value of 2 + -11 + 11 + -9?
-7
-4 - (0 + 4 + -5 + -2)
-1
Calculate (12 - (-10 + 19)) + -2.
1
Evaluate 34 + -28 - (1 + -1) - 5.
1
What is the value of 10 + -23 + 4 + 4?
-5
What is (-2 - -4) + -2 + 0?
0
Calculate (0 - ((2 - -4) + -2)) + 0.
-4
What is the value of -1 + 3 + -5 + (0 - -5)?
2
What is 0 + (-11 - -4) + 2?
-5
What is (9 - 3 - 1) + 0 + -1?
4
Calculate 1 + (0 - 7) + 4.
-2
What is the value of 4 + 1 + 5 + -3 - 1?
6
-4 + (3 + -4 - 3) - -3
-5
-2 - 0 - (-3 + 5)
-4
What is the value of 2 + -11 + 8 + -5?
-6
9 + 0 + 32 + -37
4
2 + 5 + 1 + -8 + -7
-7
What is 1 - 3 - -3 - (0 + 2)?
-1
10 + (-11 - 1 - 5)
-7
(-4 - -4) + -11 + 9
-2
What is the value of 8 + 0 + -3 + -1 + -8?
-4
Evaluate (4 - 11) + -15 - -13.
-9
What is -2 + (-3 - -7) + -5 - -1?
-2
Evaluate -4 + -2 + -4 + 6.
-4
What is (-19 - -15) + (0 + 1 - 0)?
-3
Calculate 1 + 0 + (-9 + 8 - -2).
2
5 + (-10 - (-11 + 11))
-5
What is the value of -8 - -3 - (-7 + -2 + 5)?
-1
What is -1 + (2 - 1) + -6 + 4?
-2
What is the value of 2 - 6 - (-45 + 47)?
-6
What is the value of -5 - (4 - (3 - -5))?
-1
5 - ((0 - (-7 - -14)) + 3)
9
What is -2 + -4 + (2 - 1) + 9?
4
(-3 - (1 + -3) - -2) + -4
-3
-4 + (1 + 3 - 2)
-2
What is the value of -2 + (-4 - -16) + -5?
5
What is (21 - 22) + (-6 - 1)?
-8
Evaluate -6 - (-22 - -14 - (1 - 6)).
-3
-1 - (-5 - (13 - 9))
8
(-3 - 2) + (9 - (3 + -3))
4
What is the value of -2 + (-1 - (0 - 4))?
1
-1 + 0 - (39 - 34)
-6
Calculate 4 + (7 - (11 + -3 + -4)).
7
-3 + (-2 - -2 - (-3 - -3))
-3
Evaluate (0 - (3 - 0 - 3)) + -4.
-4
What is (6 - (-2 + 2)) + -5?
1
Evaluate -3 - (-3 - (-1 + -2)).
-3
Calculate -1 + (6 - 3 - 3) - -2.
1
-1 - (2 - (7 + -5))
-1
11 + (-11 - -6) - (-2 + 1)
7
(9 - (-1 + 12)) + (6 - 1)
3
What is 5 + 4 + -1 - 5?
3
Evaluate -1 + 4 + -5 + -4 - -5.
-1
Calculate (-1 - 7) + 8 - -8 - -2.
10
Evaluate -11 - (3 - 8 - 3).
-3
Evaluate -2 + 4 - (1 + -7 - -11).
-3
What is the value of (7 - (-4 + 5)) + -4 + 1?
3
Calculate -20 + 3 - (42 - 56).
-3
Calculate 0 + -4 - -2 - 0.
-2
Calculate -1 + (-4 - (-2 - (3 - 1))).
-1
What is the value of 0 - (4 - (7 + -4))?
-1
What is (4 - -6 - 5 - 3) + 2?
4
-6 - -16 - 14 - (0 - -1)
-5
What is 0 + (3 - 0) + 0?
3
Evaluate 0 + 10 + 1 + -7.
4
What is the value of 43 - 44 - (-2 + 0)?
1
3 + (-4 + -3 + 5 - 5)
-4
Calculate -2 + -4 + 2 + -1.
-5
What is (14 - 12) + -2 + (6 - 3)?
3
What is the value of -23 + 24 + 0 + -7?
-6
Evaluate (-53 - -51) + (2 - 0 - 2).
-2
Calculate -10 + 6 + 6 + 2.
4
Evaluate -39 + 43 - (-2 - -1).
5
What is the value of -37 - -39 - (4 - -1)?
-3
What is the value of -1 + -9 + (-4 - (0 + -7))?
-7
Calculate (0 + 5 - 4) + 1 + -3.
-1
What is -2 - (1 + (-3 - 1))?
1
What is (-3 - -4) +